{"id":44,"date":"2023-05-07T20:33:52","date_gmt":"2023-05-07T23:33:52","guid":{"rendered":"https:\/\/jbvconsultoriasst.com.br\/?page_id=44"},"modified":"2023-05-25T10:46:08","modified_gmt":"2023-05-25T13:46:08","slug":"faleconosco","status":"publish","type":"page","link":"https:\/\/jbvconsultoriasst.com.br\/index.php\/faleconosco\/","title":{"rendered":"Fale Conosco"},"content":{"rendered":"\t\t<div data-elementor-type=\"wp-page\" data-elementor-id=\"44\" class=\"elementor elementor-44\">\n\t\t\t\t\t\t\t\t\t<section class=\"elementor-section elementor-top-section elementor-element elementor-element-20ff659 elementor-section-boxed elementor-section-height-default elementor-section-height-default\" data-id=\"20ff659\" data-element_type=\"section\">\n\t\t\t\t\t\t<div class=\"elementor-container elementor-column-gap-default\">\n\t\t\t\t\t<div class=\"elementor-column elementor-col-100 elementor-top-column elementor-element elementor-element-b5954fb\" data-id=\"b5954fb\" data-element_type=\"column\">\n\t\t\t<div class=\"elementor-widget-wrap elementor-element-populated\">\n\t\t\t\t\t\t\t\t<section class=\"elementor-section elementor-inner-section elementor-element elementor-element-9202c1c elementor-section-boxed elementor-section-height-default elementor-section-height-default\" data-id=\"9202c1c\" data-element_type=\"section\">\n\t\t\t\t\t\t<div class=\"elementor-container elementor-column-gap-default\">\n\t\t\t\t\t<div class=\"elementor-column elementor-col-50 elementor-inner-column elementor-element elementor-element-c3efa18\" data-id=\"c3efa18\" data-element_type=\"column\">\n\t\t\t<div class=\"elementor-widget-wrap elementor-element-populated\">\n\t\t\t\t\t\t\t\t<div class=\"elementor-element elementor-element-51b45c5 elementor-widget elementor-widget-text-editor\" data-id=\"51b45c5\" data-element_type=\"widget\" data-widget_type=\"text-editor.default\">\n\t\t\t\t<div class=\"elementor-widget-container\">\n\t\t\t<style>\/*! elementor - v3.12.2 - 23-04-2023 *\/\n.elementor-widget-text-editor.elementor-drop-cap-view-stacked .elementor-drop-cap{background-color:#69727d;color:#fff}.elementor-widget-text-editor.elementor-drop-cap-view-framed .elementor-drop-cap{color:#69727d;border:3px solid;background-color:transparent}.elementor-widget-text-editor:not(.elementor-drop-cap-view-default) .elementor-drop-cap{margin-top:8px}.elementor-widget-text-editor:not(.elementor-drop-cap-view-default) .elementor-drop-cap-letter{width:1em;height:1em}.elementor-widget-text-editor .elementor-drop-cap{float:left;text-align:center;line-height:1;font-size:50px}.elementor-widget-text-editor .elementor-drop-cap-letter{display:inline-block}<\/style>\t\t\t\t<p>Para solicitar or\u00e7amento, por gentileza nos informe os dados abaixo:<\/p>\t\t\t\t\t\t<\/div>\n\t\t\t\t<\/div>\n\t\t\t\t\t<\/div>\n\t\t<\/div>\n\t\t\t\t<div class=\"elementor-column elementor-col-50 elementor-inner-column elementor-element elementor-element-d65dce3\" data-id=\"d65dce3\" data-element_type=\"column\">\n\t\t\t<div class=\"elementor-widget-wrap\">\n\t\t\t\t\t\t\t\t\t<\/div>\n\t\t<\/div>\n\t\t\t\t\t\t\t<\/div>\n\t\t<\/section>\n\t\t\t\t<section class=\"elementor-section elementor-inner-section elementor-element elementor-element-7a296da elementor-section-boxed elementor-section-height-default elementor-section-height-default\" data-id=\"7a296da\" data-element_type=\"section\">\n\t\t\t\t\t\t<div class=\"elementor-container elementor-column-gap-default\">\n\t\t\t\t\t<div class=\"elementor-column elementor-col-100 elementor-inner-column elementor-element elementor-element-ad07794\" data-id=\"ad07794\" data-element_type=\"column\">\n\t\t\t<div class=\"elementor-widget-wrap elementor-element-populated\">\n\t\t\t\t\t\t\t\t<div class=\"elementor-element elementor-element-db8bc36 elementor-widget elementor-widget-wpforms\" data-id=\"db8bc36\" data-element_type=\"widget\" data-widget_type=\"wpforms.default\">\n\t\t\t\t<div class=\"elementor-widget-container\">\n\t\t\t<style id=\"wpforms-css-vars-root\">\n\t\t\t\t:root {\n\t\t\t\t\t--wpforms-field-border-radius: 3px;\n--wpforms-field-background-color: #ffffff;\n--wpforms-field-border-color: rgba( 0, 0, 0, 0.25 );\n--wpforms-field-text-color: rgba( 0, 0, 0, 0.7 );\n--wpforms-label-color: rgba( 0, 0, 0, 0.85 );\n--wpforms-label-sublabel-color: rgba( 0, 0, 0, 0.55 );\n--wpforms-label-error-color: #d63637;\n--wpforms-button-border-radius: 3px;\n--wpforms-button-background-color: #066aab;\n--wpforms-button-text-color: #ffffff;\n--wpforms-field-size-input-height: 43px;\n--wpforms-field-size-input-spacing: 15px;\n--wpforms-field-size-font-size: 16px;\n--wpforms-field-size-line-height: 19px;\n--wpforms-field-size-padding-h: 14px;\n--wpforms-field-size-checkbox-size: 16px;\n--wpforms-field-size-sublabel-spacing: 5px;\n--wpforms-field-size-icon-size: 1;\n--wpforms-label-size-font-size: 16px;\n--wpforms-label-size-line-height: 19px;\n--wpforms-label-size-sublabel-font-size: 14px;\n--wpforms-label-size-sublabel-line-height: 17px;\n--wpforms-button-size-font-size: 17px;\n--wpforms-button-size-height: 41px;\n--wpforms-button-size-padding-h: 15px;\n--wpforms-button-size-margin-top: 10px;\n\n\t\t\t\t}\n\t\t\t<\/style><div class=\"wpforms-container wpforms-container-full wpforms-render-modern\" id=\"wpforms-139\"><form id=\"wpforms-form-139\" class=\"wpforms-validate wpforms-form wpforms-ajax-form\" data-formid=\"139\" method=\"post\" enctype=\"multipart\/form-data\" action=\"\/index.php\/wp-json\/wp\/v2\/pages\/44\" data-token=\"ee72d7fc2346a9f7f403835ed20128b1\"><noscript class=\"wpforms-error-noscript\">Please enable JavaScript in your browser to complete this form.<\/noscript><div class=\"wpforms-hidden\" id=\"wpforms-error-noscript\">Please enable JavaScript in your browser to complete this form.<\/div><div class=\"wpforms-field-container\"><div id=\"wpforms-139-field_13-container\" class=\"wpforms-field wpforms-field-name\" data-field-id=\"13\"><label class=\"wpforms-field-label\" for=\"wpforms-139-field_13\">Nome <span class=\"wpforms-required-label\" aria-hidden=\"true\">*<\/span><\/label><input type=\"text\" id=\"wpforms-139-field_13\" class=\"wpforms-field-medium wpforms-field-required\" name=\"wpforms[fields][13]\" aria-errormessage=\"wpforms-139-field_13-error\" required><\/div><div id=\"wpforms-139-field_2-container\" class=\"wpforms-field wpforms-field-email\" data-field-id=\"2\"><label class=\"wpforms-field-label\" for=\"wpforms-139-field_2\">Email de Contato <span class=\"wpforms-required-label\" aria-hidden=\"true\">*<\/span><\/label><input type=\"email\" id=\"wpforms-139-field_2\" class=\"wpforms-field-medium wpforms-field-required\" name=\"wpforms[fields][2]\" spellcheck=\"false\" aria-errormessage=\"wpforms-139-field_2-error\" required><\/div><div id=\"wpforms-139-field_6-container\" class=\"wpforms-field wpforms-field-number wpforms-one-half wpforms-first\" data-field-id=\"6\"><label class=\"wpforms-field-label\" for=\"wpforms-139-field_6\">Telefone para Contato <span class=\"wpforms-required-label\" aria-hidden=\"true\">*<\/span><\/label><input type=\"number\" pattern=\"\\d*\" id=\"wpforms-139-field_6\" class=\"wpforms-field-small wpforms-field-required\" name=\"wpforms[fields][6]\" aria-errormessage=\"wpforms-139-field_6-error\" required><\/div><div id=\"wpforms-139-field_3-container\" class=\"wpforms-field wpforms-field-number\" data-field-id=\"3\"><label class=\"wpforms-field-label\" for=\"wpforms-139-field_3\">CNPJ da Empresa <span class=\"wpforms-required-label\" aria-hidden=\"true\">*<\/span><\/label><input type=\"number\" pattern=\"\\d*\" id=\"wpforms-139-field_3\" class=\"wpforms-field-medium wpforms-field-required\" name=\"wpforms[fields][3]\" aria-errormessage=\"wpforms-139-field_3-error\" required><\/div><div id=\"wpforms-139-field_8-container\" class=\"wpforms-field wpforms-field-text\" data-field-id=\"8\"><label class=\"wpforms-field-label\" for=\"wpforms-139-field_8\">Ramo de Atividade da Empresa <span class=\"wpforms-required-label\" aria-hidden=\"true\">*<\/span><\/label><input type=\"text\" id=\"wpforms-139-field_8\" class=\"wpforms-field-medium wpforms-field-required\" name=\"wpforms[fields][8]\" aria-errormessage=\"wpforms-139-field_8-error\" required><\/div><div id=\"wpforms-139-field_5-container\" class=\"wpforms-field wpforms-field-text wpforms-one-half\" data-field-id=\"5\"><label class=\"wpforms-field-label\" for=\"wpforms-139-field_5\">Localiza\u00e7\u00e3o da Empresa <span class=\"wpforms-required-label\" aria-hidden=\"true\">*<\/span><\/label><input type=\"text\" id=\"wpforms-139-field_5\" class=\"wpforms-field-small wpforms-field-required\" name=\"wpforms[fields][5]\" aria-errormessage=\"wpforms-139-field_5-error\" required><\/div><div id=\"wpforms-139-field_7-container\" class=\"wpforms-field wpforms-field-number\" data-field-id=\"7\"><label class=\"wpforms-field-label\" for=\"wpforms-139-field_7\">Quantidade de Funcion\u00e1rios <span class=\"wpforms-required-label\" aria-hidden=\"true\">*<\/span><\/label><input type=\"number\" pattern=\"\\d*\" id=\"wpforms-139-field_7\" class=\"wpforms-field-medium wpforms-field-required\" name=\"wpforms[fields][7]\" aria-errormessage=\"wpforms-139-field_7-error\" required><\/div><div id=\"wpforms-139-field_12-container\" class=\"wpforms-field wpforms-field-checkbox\" data-field-id=\"12\"><fieldset><legend class=\"wpforms-field-label\">Caixas de sele\u00e7\u00e3o <span class=\"wpforms-required-label\" aria-hidden=\"true\">*<\/span><\/legend><ul id=\"wpforms-139-field_12\" class=\"wpforms-field-required\"><li class=\"choice-4 depth-1\"><input type=\"checkbox\" id=\"wpforms-139-field_12_4\" name=\"wpforms[fields][12][]\" value=\"Plataforma online para treinamento e especializa\u00e7\u00e3o de SST\" aria-errormessage=\"wpforms-139-field_12_4-error\" required ><label class=\"wpforms-field-label-inline\" for=\"wpforms-139-field_12_4\">Plataforma online para treinamento e especializa\u00e7\u00e3o de SST<\/label><\/li><li class=\"choice-5 depth-1\"><input type=\"checkbox\" id=\"wpforms-139-field_12_5\" name=\"wpforms[fields][12][]\" value=\"Elabora\u00e7\u00e3o, coordena\u00e7\u00e3o e execu\u00e7\u00e3o de Laudos T\u00e9cnicos e documentos\" aria-errormessage=\"wpforms-139-field_12_5-error\" required ><label class=\"wpforms-field-label-inline\" for=\"wpforms-139-field_12_5\">Elabora\u00e7\u00e3o, coordena\u00e7\u00e3o e execu\u00e7\u00e3o de Laudos T\u00e9cnicos e documentos<\/label><\/li><li class=\"choice-8 depth-1\"><input type=\"checkbox\" id=\"wpforms-139-field_12_8\" name=\"wpforms[fields][12][]\" value=\"An\u00e1lise Ergon\u00f4mica do Trabalho - (AET)\" aria-errormessage=\"wpforms-139-field_12_8-error\" required ><label class=\"wpforms-field-label-inline\" for=\"wpforms-139-field_12_8\">An\u00e1lise Ergon\u00f4mica do Trabalho - (AET)<\/label><\/li><li class=\"choice-9 depth-1\"><input type=\"checkbox\" id=\"wpforms-139-field_12_9\" name=\"wpforms[fields][12][]\" value=\"Elabora\u00e7\u00e3o Programa de Controle M\u00e9dico de Sa\u00fade Ocupacional - PCMSO\" aria-errormessage=\"wpforms-139-field_12_9-error\" required ><label class=\"wpforms-field-label-inline\" for=\"wpforms-139-field_12_9\">Elabora\u00e7\u00e3o Programa de Controle M\u00e9dico de Sa\u00fade Ocupacional - PCMSO<\/label><\/li><li class=\"choice-10 depth-1\"><input type=\"checkbox\" id=\"wpforms-139-field_12_10\" name=\"wpforms[fields][12][]\" value=\"Elabora\u00e7\u00e3o de Programa de Gerenciamento de Riscos - (PGR)\" aria-errormessage=\"wpforms-139-field_12_10-error\" required ><label class=\"wpforms-field-label-inline\" for=\"wpforms-139-field_12_10\">Elabora\u00e7\u00e3o de Programa de Gerenciamento de Riscos - (PGR)<\/label><\/li><li class=\"choice-11 depth-1\"><input type=\"checkbox\" id=\"wpforms-139-field_12_11\" name=\"wpforms[fields][12][]\" value=\"Elabora\u00e7\u00e3o de Laudo T\u00e9cnico das Condi\u00e7\u00f5es Ambientais de Trabalho (LTCAT \u2013 Artigo 58 da Lei 8.213\/1991)\" aria-errormessage=\"wpforms-139-field_12_11-error\" required ><label class=\"wpforms-field-label-inline\" for=\"wpforms-139-field_12_11\">Elabora\u00e7\u00e3o de Laudo T\u00e9cnico das Condi\u00e7\u00f5es Ambientais de Trabalho (LTCAT \u2013 Artigo 58 da Lei 8.213\/1991)<\/label><\/li><li class=\"choice-12 depth-1\"><input type=\"checkbox\" id=\"wpforms-139-field_12_12\" name=\"wpforms[fields][12][]\" value=\"Elabora\u00e7\u00e3o de Laudo de Insalubridade (NR 15)\" aria-errormessage=\"wpforms-139-field_12_12-error\" required ><label class=\"wpforms-field-label-inline\" for=\"wpforms-139-field_12_12\">Elabora\u00e7\u00e3o de Laudo de Insalubridade (NR 15)<\/label><\/li><li class=\"choice-13 depth-1\"><input type=\"checkbox\" id=\"wpforms-139-field_12_13\" name=\"wpforms[fields][12][]\" value=\"Elabora\u00e7\u00e3o de Laudo de Periculosidade (NR 16)\" aria-errormessage=\"wpforms-139-field_12_13-error\" required ><label class=\"wpforms-field-label-inline\" for=\"wpforms-139-field_12_13\">Elabora\u00e7\u00e3o de Laudo de Periculosidade (NR 16)<\/label><\/li><li class=\"choice-14 depth-1\"><input type=\"checkbox\" id=\"wpforms-139-field_12_14\" name=\"wpforms[fields][12][]\" value=\"Exames M\u00e9dicos e Complementares em nossas clinicas Parceiras\" aria-errormessage=\"wpforms-139-field_12_14-error\" required ><label class=\"wpforms-field-label-inline\" for=\"wpforms-139-field_12_14\">Exames M\u00e9dicos e Complementares em nossas clinicas Parceiras<\/label><\/li><li class=\"choice-15 depth-1\"><input type=\"checkbox\" id=\"wpforms-139-field_12_15\" name=\"wpforms[fields][12][]\" value=\"Perfil Profissiogr\u00e1fico Previdenci\u00e1rio - (PPP)\" aria-errormessage=\"wpforms-139-field_12_15-error\" required ><label class=\"wpforms-field-label-inline\" for=\"wpforms-139-field_12_15\">Perfil Profissiogr\u00e1fico Previdenci\u00e1rio - (PPP)<\/label><\/li><li class=\"choice-16 depth-1\"><input type=\"checkbox\" id=\"wpforms-139-field_12_16\" name=\"wpforms[fields][12][]\" value=\"Realiza\u00e7\u00e3o visitas t\u00e9cnicas peri\u00f3dicas\" aria-errormessage=\"wpforms-139-field_12_16-error\" required ><label class=\"wpforms-field-label-inline\" for=\"wpforms-139-field_12_16\">Realiza\u00e7\u00e3o visitas t\u00e9cnicas peri\u00f3dicas<\/label><\/li><li class=\"choice-17 depth-1\"><input type=\"checkbox\" id=\"wpforms-139-field_12_17\" name=\"wpforms[fields][12][]\" value=\"Transmiss\u00f5es dos eventos de SST ao eSocial\" aria-errormessage=\"wpforms-139-field_12_17-error\" required ><label class=\"wpforms-field-label-inline\" for=\"wpforms-139-field_12_17\">Transmiss\u00f5es dos eventos de SST ao eSocial<\/label><\/li><\/ul><\/fieldset><\/div><\/div><!-- .wpforms-field-container --><div class=\"wpforms-submit-container\" ><input type=\"hidden\" name=\"wpforms[id]\" value=\"139\"><input type=\"hidden\" name=\"wpforms[author]\" value=\"1\"><button type=\"submit\" name=\"wpforms[submit]\" id=\"wpforms-submit-139\" class=\"wpforms-submit\" data-alt-text=\"Sending...\" data-submit-text=\"Pedir or\u00e7amento\" aria-live=\"assertive\" value=\"wpforms-submit\">Pedir or\u00e7amento<\/button><img loading=\"lazy\" decoding=\"async\" src=\"https:\/\/jbvconsultoriasst.com.br\/wp-content\/plugins\/wpforms-lite\/assets\/images\/submit-spin.svg\" class=\"wpforms-submit-spinner\" style=\"display: none;\" width=\"26\" height=\"26\" alt=\"Loading\"><\/div><\/form><\/div>  <!-- .wpforms-container -->\t\t<\/div>\n\t\t\t\t<\/div>\n\t\t\t\t\t<\/div>\n\t\t<\/div>\n\t\t\t\t\t\t\t<\/div>\n\t\t<\/section>\n\t\t\t\t\t<\/div>\n\t\t<\/div>\n\t\t\t\t\t\t\t<\/div>\n\t\t<\/section>\n\t\t\t\t\t\t\t<\/div>\n\t\t","protected":false},"excerpt":{"rendered":"<p>Para solicitar or\u00e7amento, por gentileza nos informe os dados abaixo:<\/p>\n","protected":false},"author":1,"featured_media":0,"parent":0,"menu_order":0,"comment_status":"closed","ping_status":"closed","template":"elementor_header_footer","meta":{"footnotes":""},"class_list":["post-44","page","type-page","status-publish","hentry"],"_links":{"self":[{"href":"https:\/\/jbvconsultoriasst.com.br\/index.php\/wp-json\/wp\/v2\/pages\/44","targetHints":{"allow":["GET"]}}],"collection":[{"href":"https:\/\/jbvconsultoriasst.com.br\/index.php\/wp-json\/wp\/v2\/pages"}],"about":[{"href":"https:\/\/jbvconsultoriasst.com.br\/index.php\/wp-json\/wp\/v2\/types\/page"}],"author":[{"embeddable":true,"href":"https:\/\/jbvconsultoriasst.com.br\/index.php\/wp-json\/wp\/v2\/users\/1"}],"replies":[{"embeddable":true,"href":"https:\/\/jbvconsultoriasst.com.br\/index.php\/wp-json\/wp\/v2\/comments?post=44"}],"version-history":[{"count":16,"href":"https:\/\/jbvconsultoriasst.com.br\/index.php\/wp-json\/wp\/v2\/pages\/44\/revisions"}],"predecessor-version":[{"id":376,"href":"https:\/\/jbvconsultoriasst.com.br\/index.php\/wp-json\/wp\/v2\/pages\/44\/revisions\/376"}],"wp:attachment":[{"href":"https:\/\/jbvconsultoriasst.com.br\/index.php\/wp-json\/wp\/v2\/media?parent=44"}],"curies":[{"name":"wp","href":"https:\/\/api.w.org\/{rel}","templated":true}]}}