{"id":40,"date":"2023-05-07T20:32:11","date_gmt":"2023-05-07T23:32:11","guid":{"rendered":"https:\/\/jbvconsultoriasst.com.br\/?page_id=40"},"modified":"2023-05-15T11:16:58","modified_gmt":"2023-05-15T14:16:58","slug":"quem-somos","status":"publish","type":"page","link":"https:\/\/jbvconsultoriasst.com.br\/index.php\/quem-somos\/","title":{"rendered":"Quem Somos"},"content":{"rendered":"\t\t<div data-elementor-type=\"wp-page\" data-elementor-id=\"40\" class=\"elementor elementor-40\">\n\t\t\t\t\t\t\t\t\t<section class=\"elementor-section elementor-top-section elementor-element elementor-element-3c333af elementor-section-boxed elementor-section-height-default elementor-section-height-default\" data-id=\"3c333af\" data-element_type=\"section\">\n\t\t\t\t\t\t<div class=\"elementor-container elementor-column-gap-default\">\n\t\t\t\t\t<div class=\"elementor-column elementor-col-100 elementor-top-column elementor-element elementor-element-47cf672\" data-id=\"47cf672\" data-element_type=\"column\">\n\t\t\t<div class=\"elementor-widget-wrap elementor-element-populated\">\n\t\t\t\t\t\t\t\t<section class=\"elementor-section elementor-inner-section elementor-element elementor-element-c711245 elementor-section-boxed elementor-section-height-default elementor-section-height-default\" data-id=\"c711245\" data-element_type=\"section\">\n\t\t\t\t\t\t<div class=\"elementor-container elementor-column-gap-default\">\n\t\t\t\t\t<div class=\"elementor-column elementor-col-50 elementor-inner-column elementor-element elementor-element-9580f34\" data-id=\"9580f34\" data-element_type=\"column\">\n\t\t\t<div class=\"elementor-widget-wrap elementor-element-populated\">\n\t\t\t\t\t\t\t\t<div class=\"elementor-element elementor-element-9474f7f elementor-widget elementor-widget-text-editor\" data-id=\"9474f7f\" data-element_type=\"widget\" data-widget_type=\"text-editor.default\">\n\t\t\t\t<div class=\"elementor-widget-container\">\n\t\t\t<style>\/*! elementor - v3.12.2 - 23-04-2023 *\/\n.elementor-widget-text-editor.elementor-drop-cap-view-stacked .elementor-drop-cap{background-color:#69727d;color:#fff}.elementor-widget-text-editor.elementor-drop-cap-view-framed .elementor-drop-cap{color:#69727d;border:3px solid;background-color:transparent}.elementor-widget-text-editor:not(.elementor-drop-cap-view-default) .elementor-drop-cap{margin-top:8px}.elementor-widget-text-editor:not(.elementor-drop-cap-view-default) .elementor-drop-cap-letter{width:1em;height:1em}.elementor-widget-text-editor .elementor-drop-cap{float:left;text-align:center;line-height:1;font-size:50px}.elementor-widget-text-editor .elementor-drop-cap-letter{display:inline-block}<\/style>\t\t\t\t<p>A <b>JBV CONSULTORIA EM SA\u00daDE E SEGURAN\u00c7A DO TRABALHO LTDA<\/b> nasceu com o objetivo de auxiliar as pequenas e m\u00e9dias empresas, a regulariza\u00e7\u00e3o perante as normas de sa\u00fade e seguran\u00e7a do trabalho vigentes no Brasil. <br>Nossa equipe \u00e9 composta por T\u00e9cnicos de Seguran\u00e7a do Trabalho, Engenheiros, M\u00e9dico do Trabalho, Fonoaudi\u00f3loga, Comercial, equipe de apoio Administrativo e Operacional. Todos possuem conhecimento e vivencias em consultoria e assessoria em medicina de seguran\u00e7a do trabalho.\u00da<\/p>\t\t\t\t\t\t<\/div>\n\t\t\t\t<\/div>\n\t\t\t\t\t<\/div>\n\t\t<\/div>\n\t\t\t\t<div class=\"elementor-column elementor-col-50 elementor-inner-column elementor-element elementor-element-b57d135\" data-id=\"b57d135\" data-element_type=\"column\">\n\t\t\t<div class=\"elementor-widget-wrap elementor-element-populated\">\n\t\t\t\t\t\t\t\t<div class=\"elementor-element elementor-element-d1d67f6 elementor-widget elementor-widget-image\" data-id=\"d1d67f6\" data-element_type=\"widget\" data-widget_type=\"image.default\">\n\t\t\t\t<div class=\"elementor-widget-container\">\n\t\t\t<style>\/*! elementor - v3.12.2 - 23-04-2023 *\/\n.elementor-widget-image{text-align:center}.elementor-widget-image a{display:inline-block}.elementor-widget-image a img[src$=\".svg\"]{width:48px}.elementor-widget-image img{vertical-align:middle;display:inline-block}<\/style>\t\t\t\t\t\t\t\t\t\t\t\t<img loading=\"lazy\" decoding=\"async\" width=\"800\" height=\"800\" src=\"https:\/\/jbvconsultoriasst.com.br\/wp-content\/uploads\/2023\/05\/quemsomos-1024x1024.png\" class=\"attachment-large size-large wp-image-331\" alt=\"\" srcset=\"https:\/\/jbvconsultoriasst.com.br\/wp-content\/uploads\/2023\/05\/quemsomos-1024x1024.png 1024w, https:\/\/jbvconsultoriasst.com.br\/wp-content\/uploads\/2023\/05\/quemsomos-300x300.png 300w, https:\/\/jbvconsultoriasst.com.br\/wp-content\/uploads\/2023\/05\/quemsomos-150x150.png 150w, https:\/\/jbvconsultoriasst.com.br\/wp-content\/uploads\/2023\/05\/quemsomos-768x768.png 768w, https:\/\/jbvconsultoriasst.com.br\/wp-content\/uploads\/2023\/05\/quemsomos.png 1080w\" sizes=\"auto, (max-width: 800px) 100vw, 800px\" \/>\t\t\t\t\t\t\t\t\t\t\t\t\t\t\t<\/div>\n\t\t\t\t<\/div>\n\t\t\t\t\t<\/div>\n\t\t<\/div>\n\t\t\t\t\t\t\t<\/div>\n\t\t<\/section>\n\t\t\t\t<section class=\"elementor-section elementor-inner-section elementor-element elementor-element-7dd884e elementor-section-boxed elementor-section-height-default elementor-section-height-default\" data-id=\"7dd884e\" data-element_type=\"section\">\n\t\t\t\t\t\t<div class=\"elementor-container elementor-column-gap-default\">\n\t\t\t\t\t<div class=\"elementor-column elementor-col-100 elementor-inner-column elementor-element elementor-element-6c1eed3\" data-id=\"6c1eed3\" data-element_type=\"column\">\n\t\t\t<div class=\"elementor-widget-wrap elementor-element-populated\">\n\t\t\t\t\t\t\t\t<div class=\"elementor-element elementor-element-98a534b elementor-widget elementor-widget-text-editor\" data-id=\"98a534b\" data-element_type=\"widget\" data-widget_type=\"text-editor.default\">\n\t\t\t\t<div class=\"elementor-widget-container\">\n\t\t\t\t\t\t\t<p>Nossa <b>miss\u00e3o <\/b>\u00e9 garantir a seguran\u00e7a e sa\u00fade de todos os colaboradores das empresas parceiras, oferecendo solu\u00e7\u00f5es personalizadas de seguran\u00e7a do trabalho, bem como o cumprimento da legisla\u00e7\u00e3o vigente.<\/p>\n<p>Nossa <b>vis\u00e3o<\/b> \u00e9 ser reconhecida como refer\u00eancia em seguran\u00e7a do trabalho, atuando com excel\u00eancia e comprometimento na promo\u00e7\u00e3o da sa\u00fade e seguran\u00e7a dos colaboradores das empresas parceiras.<\/p>\n<p>E nossos <b>valores <\/b>s\u00e3o \u00e9<span style=\"font-family: var( --e-global-typography-text-font-family ), Sans-serif; font-weight: var( --e-global-typography-text-font-weight ); font-size: 1rem;\">tica, atuar com integridade, transpar\u00eancia e respeito em todas as rela\u00e7\u00f5es e atividades da empresa.<\/span><\/p>\n<p><span style=\"font-family: var( --e-global-typography-text-font-family ), Sans-serif; font-weight: var( --e-global-typography-text-font-weight ); font-size: 1rem;\"><br><\/span><\/p>\n<p><b><span style=\"font-family: var( --e-global-typography-text-font-family ), Sans-serif; font-size: 1rem;\">Somos reconhecidos pelo&nbsp;<\/span>ISO9001 (pol\u00edtica de qualidade).<\/b><\/p>\t\t\t\t\t\t<\/div>\n\t\t\t\t<\/div>\n\t\t\t\t\t<\/div>\n\t\t<\/div>\n\t\t\t\t\t\t\t<\/div>\n\t\t<\/section>\n\t\t\t\t\t<\/div>\n\t\t<\/div>\n\t\t\t\t\t\t\t<\/div>\n\t\t<\/section>\n\t\t\t\t\t\t\t<\/div>\n\t\t","protected":false},"excerpt":{"rendered":"<p>A JBV CONSULTORIA EM SA\u00daDE E SEGURAN\u00c7A DO TRABALHO LTDA nasceu com o objetivo de auxiliar as pequenas e m\u00e9dias empresas, a regulariza\u00e7\u00e3o perante as normas de sa\u00fade e seguran\u00e7a do trabalho vigentes no Brasil. Nossa equipe \u00e9 composta por T\u00e9cnicos de Seguran\u00e7a do Trabalho, Engenheiros, M\u00e9dico do Trabalho, Fonoaudi\u00f3loga, Comercial, equipe de apoio Administrativo [&hellip;]<\/p>\n","protected":false},"author":1,"featured_media":0,"parent":0,"menu_order":0,"comment_status":"closed","ping_status":"closed","template":"elementor_header_footer","meta":{"footnotes":""},"class_list":["post-40","page","type-page","status-publish","hentry"],"_links":{"self":[{"href":"https:\/\/jbvconsultoriasst.com.br\/index.php\/wp-json\/wp\/v2\/pages\/40","targetHints":{"allow":["GET"]}}],"collection":[{"href":"https:\/\/jbvconsultoriasst.com.br\/index.php\/wp-json\/wp\/v2\/pages"}],"about":[{"href":"https:\/\/jbvconsultoriasst.com.br\/index.php\/wp-json\/wp\/v2\/types\/page"}],"author":[{"embeddable":true,"href":"https:\/\/jbvconsultoriasst.com.br\/index.php\/wp-json\/wp\/v2\/users\/1"}],"replies":[{"embeddable":true,"href":"https:\/\/jbvconsultoriasst.com.br\/index.php\/wp-json\/wp\/v2\/comments?post=40"}],"version-history":[{"count":13,"href":"https:\/\/jbvconsultoriasst.com.br\/index.php\/wp-json\/wp\/v2\/pages\/40\/revisions"}],"predecessor-version":[{"id":334,"href":"https:\/\/jbvconsultoriasst.com.br\/index.php\/wp-json\/wp\/v2\/pages\/40\/revisions\/334"}],"wp:attachment":[{"href":"https:\/\/jbvconsultoriasst.com.br\/index.php\/wp-json\/wp\/v2\/media?parent=40"}],"curies":[{"name":"wp","href":"https:\/\/api.w.org\/{rel}","templated":true}]}}