{"id":100,"date":"2023-05-08T20:42:49","date_gmt":"2023-05-08T23:42:49","guid":{"rendered":"https:\/\/jbvconsultoriasst.com.br\/?page_id=100"},"modified":"2023-05-15T11:34:22","modified_gmt":"2023-05-15T14:34:22","slug":"e-social","status":"publish","type":"page","link":"https:\/\/jbvconsultoriasst.com.br\/index.php\/e-social\/","title":{"rendered":"e-Social"},"content":{"rendered":"\t\t<div data-elementor-type=\"wp-page\" data-elementor-id=\"100\" class=\"elementor elementor-100\">\n\t\t\t\t\t\t\t\t\t<section class=\"elementor-section elementor-top-section elementor-element elementor-element-2be6bf3 elementor-section-boxed elementor-section-height-default elementor-section-height-default\" data-id=\"2be6bf3\" data-element_type=\"section\">\n\t\t\t\t\t\t<div class=\"elementor-container elementor-column-gap-default\">\n\t\t\t\t\t<div class=\"elementor-column elementor-col-100 elementor-top-column elementor-element elementor-element-34d5fb6\" data-id=\"34d5fb6\" data-element_type=\"column\">\n\t\t\t<div class=\"elementor-widget-wrap elementor-element-populated\">\n\t\t\t\t\t\t\t\t<section class=\"elementor-section elementor-inner-section elementor-element elementor-element-78d88ae elementor-section-boxed elementor-section-height-default elementor-section-height-default\" data-id=\"78d88ae\" data-element_type=\"section\">\n\t\t\t\t\t\t<div class=\"elementor-container elementor-column-gap-default\">\n\t\t\t\t\t<div class=\"elementor-column elementor-col-100 elementor-inner-column elementor-element elementor-element-4c89d22\" data-id=\"4c89d22\" data-element_type=\"column\">\n\t\t\t<div class=\"elementor-widget-wrap elementor-element-populated\">\n\t\t\t\t\t\t\t\t<div class=\"elementor-element elementor-element-e5f43e2 elementor-widget elementor-widget-text-editor\" data-id=\"e5f43e2\" data-element_type=\"widget\" data-widget_type=\"text-editor.default\">\n\t\t\t\t<div class=\"elementor-widget-container\">\n\t\t\t<style>\/*! elementor - v3.12.2 - 23-04-2023 *\/\n.elementor-widget-text-editor.elementor-drop-cap-view-stacked .elementor-drop-cap{background-color:#69727d;color:#fff}.elementor-widget-text-editor.elementor-drop-cap-view-framed .elementor-drop-cap{color:#69727d;border:3px solid;background-color:transparent}.elementor-widget-text-editor:not(.elementor-drop-cap-view-default) .elementor-drop-cap{margin-top:8px}.elementor-widget-text-editor:not(.elementor-drop-cap-view-default) .elementor-drop-cap-letter{width:1em;height:1em}.elementor-widget-text-editor .elementor-drop-cap{float:left;text-align:center;line-height:1;font-size:50px}.elementor-widget-text-editor .elementor-drop-cap-letter{display:inline-block}<\/style>\t\t\t\t<p>Implementamos um software de alta qualidade e precis\u00e3o, com integra\u00e7\u00e3o ao e-Social, obrigat\u00f3rio para regulariza\u00e7\u00e3o.<\/p>\t\t\t\t\t\t<\/div>\n\t\t\t\t<\/div>\n\t\t\t\t\t<\/div>\n\t\t<\/div>\n\t\t\t\t\t\t\t<\/div>\n\t\t<\/section>\n\t\t\t\t\t<\/div>\n\t\t<\/div>\n\t\t\t\t\t\t\t<\/div>\n\t\t<\/section>\n\t\t\t\t<section class=\"elementor-section elementor-top-section elementor-element elementor-element-24c29ad elementor-section-boxed elementor-section-height-default elementor-section-height-default\" data-id=\"24c29ad\" data-element_type=\"section\">\n\t\t\t\t\t\t<div class=\"elementor-container elementor-column-gap-default\">\n\t\t\t\t\t<div class=\"elementor-column elementor-col-100 elementor-top-column elementor-element elementor-element-25bf4aa\" data-id=\"25bf4aa\" data-element_type=\"column\">\n\t\t\t<div class=\"elementor-widget-wrap elementor-element-populated\">\n\t\t\t\t\t\t\t\t<section class=\"elementor-section elementor-inner-section elementor-element elementor-element-082ff01 elementor-section-boxed elementor-section-height-default elementor-section-height-default\" data-id=\"082ff01\" data-element_type=\"section\">\n\t\t\t\t\t\t<div class=\"elementor-container elementor-column-gap-default\">\n\t\t\t\t\t<div class=\"elementor-column elementor-col-50 elementor-inner-column elementor-element elementor-element-43d2d8d\" data-id=\"43d2d8d\" data-element_type=\"column\">\n\t\t\t<div class=\"elementor-widget-wrap elementor-element-populated\">\n\t\t\t\t\t\t\t\t<div class=\"elementor-element elementor-element-9797c48 elementor-widget elementor-widget-text-editor\" data-id=\"9797c48\" data-element_type=\"widget\" data-widget_type=\"text-editor.default\">\n\t\t\t\t<div class=\"elementor-widget-container\">\n\t\t\t\t\t\t\t<p>O que \u00e9 o e-Social?<\/p>\t\t\t\t\t\t<\/div>\n\t\t\t\t<\/div>\n\t\t\t\t<div class=\"elementor-element elementor-element-4549f59 elementor-widget__width-initial elementor-widget elementor-widget-text-editor\" data-id=\"4549f59\" data-element_type=\"widget\" data-widget_type=\"text-editor.default\">\n\t\t\t\t<div class=\"elementor-widget-container\">\n\t\t\t\t\t\t\t<p>O e-Social \u00e9 um sistema do governo federal brasileiro que foi criado com o objetivo de unificar e simplificar o envio de informa\u00e7\u00f5es trabalhistas, fiscais e previdenci\u00e1rias das empresas. Por meio do e-Social, as empresas podem enviar de forma eletr\u00f4nica informa\u00e7\u00f5es sobre seus empregados, como admiss\u00f5es, demiss\u00f5es, folha de pagamento, informa\u00e7\u00f5es sobre o FGTS e contribui\u00e7\u00f5es previdenci\u00e1rias.<\/p><p><span style=\"color: var( --e-global-color-text ); font-size: 1rem;\">Al\u00e9m de tornar o processo de envio de informa\u00e7\u00f5es mais simples e eficiente, o e-Social tamb\u00e9m tem como objetivo garantir o cumprimento das obriga\u00e7\u00f5es trabalhistas, fiscais e previdenci\u00e1rias das empresas, o que reduz o risco de autua\u00e7\u00f5es fiscais e trabalhistas.<\/span><\/p><p><span style=\"color: var( --e-global-color-text ); font-size: 1rem;\"><b>Os principais eventos enviados por n\u00f3s s\u00e3o:<\/b><\/span><\/p><p><b>a) Evento S-2210<\/b> \u2013 Comunica\u00e7\u00e3o de Acidente de Trabalho \u2013 CAT\u00a0<\/p><p><b>b) Evento S-2220<\/b> \u2013 Monitoramento da Sa\u00fade do Trabalhador &#8211; ASO<\/p><p><b>c) Evento S-2240<\/b> \u2013 Condi\u00e7\u00f5es Ambientes de Trabalho \u2013 Agentes Nocivos<\/p><div>\u00a0<\/div>\t\t\t\t\t\t<\/div>\n\t\t\t\t<\/div>\n\t\t\t\t<div class=\"elementor-element elementor-element-d99f0d4 elementor-widget elementor-widget-text-editor\" data-id=\"d99f0d4\" data-element_type=\"widget\" data-widget_type=\"text-editor.default\">\n\t\t\t\t<div class=\"elementor-widget-container\">\n\t\t\t\t\t\t\t<p>E pra que serve?<\/p>\t\t\t\t\t\t<\/div>\n\t\t\t\t<\/div>\n\t\t\t\t<div class=\"elementor-element elementor-element-1c71a93 elementor-widget elementor-widget-text-editor\" data-id=\"1c71a93\" data-element_type=\"widget\" data-widget_type=\"text-editor.default\">\n\t\t\t\t<div class=\"elementor-widget-container\">\n\t\t\t\t\t\t\t<p>O e-Social \u00e9 um sistema eletr\u00f4nico desenvolvido pelo governo brasileiro com o objetivo de unificar e simplificar a presta\u00e7\u00e3o de informa\u00e7\u00f5es trabalhistas, previdenci\u00e1rias e fiscais pelos empregadores. Ele integra diversos \u00f3rg\u00e3os e entidades, como o Minist\u00e9rio da Economia, o Instituto Nacional do Seguro Social (INSS), a Receita Federal do Brasil e o Minist\u00e9rio do Trabalho e Emprego.<\/p>\t\t\t\t\t\t<\/div>\n\t\t\t\t<\/div>\n\t\t\t\t\t<\/div>\n\t\t<\/div>\n\t\t\t\t<div class=\"elementor-column elementor-col-50 elementor-inner-column elementor-element elementor-element-a610921\" data-id=\"a610921\" data-element_type=\"column\">\n\t\t\t<div class=\"elementor-widget-wrap elementor-element-populated\">\n\t\t\t\t\t\t\t\t<div class=\"elementor-element elementor-element-2676636 elementor-widget elementor-widget-image\" data-id=\"2676636\" data-element_type=\"widget\" data-widget_type=\"image.default\">\n\t\t\t\t<div class=\"elementor-widget-container\">\n\t\t\t<style>\/*! elementor - v3.12.2 - 23-04-2023 *\/\n.elementor-widget-image{text-align:center}.elementor-widget-image a{display:inline-block}.elementor-widget-image a img[src$=\".svg\"]{width:48px}.elementor-widget-image img{vertical-align:middle;display:inline-block}<\/style>\t\t\t\t\t\t\t\t\t\t\t\t<img loading=\"lazy\" decoding=\"async\" width=\"800\" height=\"800\" src=\"https:\/\/jbvconsultoriasst.com.br\/wp-content\/uploads\/2023\/05\/esocial_3-1024x1024.png\" class=\"attachment-large size-large wp-image-349\" alt=\"\" srcset=\"https:\/\/jbvconsultoriasst.com.br\/wp-content\/uploads\/2023\/05\/esocial_3-1024x1024.png 1024w, https:\/\/jbvconsultoriasst.com.br\/wp-content\/uploads\/2023\/05\/esocial_3-300x300.png 300w, https:\/\/jbvconsultoriasst.com.br\/wp-content\/uploads\/2023\/05\/esocial_3-150x150.png 150w, https:\/\/jbvconsultoriasst.com.br\/wp-content\/uploads\/2023\/05\/esocial_3-768x768.png 768w, https:\/\/jbvconsultoriasst.com.br\/wp-content\/uploads\/2023\/05\/esocial_3.png 1080w\" sizes=\"auto, (max-width: 800px) 100vw, 800px\" \/>\t\t\t\t\t\t\t\t\t\t\t\t\t\t\t<\/div>\n\t\t\t\t<\/div>\n\t\t\t\t<div class=\"elementor-element elementor-element-e2c1f50 elementor-widget elementor-widget-image\" data-id=\"e2c1f50\" data-element_type=\"widget\" data-widget_type=\"image.default\">\n\t\t\t\t<div class=\"elementor-widget-container\">\n\t\t\t\t\t\t\t\t\t\t\t\t\t\t\t<img loading=\"lazy\" decoding=\"async\" width=\"800\" height=\"800\" src=\"https:\/\/jbvconsultoriasst.com.br\/wp-content\/uploads\/2023\/05\/esocial_2-1024x1024.png\" class=\"attachment-large size-large wp-image-348\" alt=\"\" srcset=\"https:\/\/jbvconsultoriasst.com.br\/wp-content\/uploads\/2023\/05\/esocial_2-1024x1024.png 1024w, https:\/\/jbvconsultoriasst.com.br\/wp-content\/uploads\/2023\/05\/esocial_2-300x300.png 300w, https:\/\/jbvconsultoriasst.com.br\/wp-content\/uploads\/2023\/05\/esocial_2-150x150.png 150w, https:\/\/jbvconsultoriasst.com.br\/wp-content\/uploads\/2023\/05\/esocial_2-768x768.png 768w, https:\/\/jbvconsultoriasst.com.br\/wp-content\/uploads\/2023\/05\/esocial_2.png 1080w\" sizes=\"auto, (max-width: 800px) 100vw, 800px\" \/>\t\t\t\t\t\t\t\t\t\t\t\t\t\t\t<\/div>\n\t\t\t\t<\/div>\n\t\t\t\t\t<\/div>\n\t\t<\/div>\n\t\t\t\t\t\t\t<\/div>\n\t\t<\/section>\n\t\t\t\t\t<\/div>\n\t\t<\/div>\n\t\t\t\t\t\t\t<\/div>\n\t\t<\/section>\n\t\t\t\t<section class=\"elementor-section elementor-top-section elementor-element elementor-element-9107c44 elementor-section-boxed elementor-section-height-default elementor-section-height-default\" data-id=\"9107c44\" data-element_type=\"section\">\n\t\t\t\t\t\t<div class=\"elementor-container elementor-column-gap-default\">\n\t\t\t\t\t<div class=\"elementor-column elementor-col-100 elementor-top-column elementor-element elementor-element-2506ece\" data-id=\"2506ece\" data-element_type=\"column\">\n\t\t\t<div class=\"elementor-widget-wrap elementor-element-populated\">\n\t\t\t\t\t\t\t\t<section class=\"elementor-section elementor-inner-section elementor-element elementor-element-a9e9b03 elementor-section-boxed elementor-section-height-default elementor-section-height-default\" data-id=\"a9e9b03\" data-element_type=\"section\">\n\t\t\t\t\t\t<div class=\"elementor-container elementor-column-gap-default\">\n\t\t\t\t\t<div class=\"elementor-column elementor-col-50 elementor-inner-column elementor-element elementor-element-5eb5a3a\" data-id=\"5eb5a3a\" data-element_type=\"column\">\n\t\t\t<div class=\"elementor-widget-wrap elementor-element-populated\">\n\t\t\t\t\t\t\t\t<div class=\"elementor-element elementor-element-2d5e9d4 elementor-widget elementor-widget-image\" data-id=\"2d5e9d4\" data-element_type=\"widget\" data-widget_type=\"image.default\">\n\t\t\t\t<div class=\"elementor-widget-container\">\n\t\t\t\t\t\t\t\t\t\t\t\t\t\t\t<img loading=\"lazy\" decoding=\"async\" width=\"800\" height=\"800\" src=\"https:\/\/jbvconsultoriasst.com.br\/wp-content\/uploads\/2023\/05\/esocial_1-1024x1024.png\" class=\"attachment-large size-large wp-image-347\" alt=\"\" srcset=\"https:\/\/jbvconsultoriasst.com.br\/wp-content\/uploads\/2023\/05\/esocial_1-1024x1024.png 1024w, https:\/\/jbvconsultoriasst.com.br\/wp-content\/uploads\/2023\/05\/esocial_1-300x300.png 300w, https:\/\/jbvconsultoriasst.com.br\/wp-content\/uploads\/2023\/05\/esocial_1-150x150.png 150w, https:\/\/jbvconsultoriasst.com.br\/wp-content\/uploads\/2023\/05\/esocial_1-768x768.png 768w, https:\/\/jbvconsultoriasst.com.br\/wp-content\/uploads\/2023\/05\/esocial_1.png 1080w\" sizes=\"auto, (max-width: 800px) 100vw, 800px\" \/>\t\t\t\t\t\t\t\t\t\t\t\t\t\t\t<\/div>\n\t\t\t\t<\/div>\n\t\t\t\t\t<\/div>\n\t\t<\/div>\n\t\t\t\t<div class=\"elementor-column elementor-col-50 elementor-inner-column elementor-element elementor-element-6e2876a\" data-id=\"6e2876a\" data-element_type=\"column\">\n\t\t\t<div class=\"elementor-widget-wrap elementor-element-populated\">\n\t\t\t\t\t\t\t\t<div class=\"elementor-element elementor-element-dfb82e5 elementor-widget elementor-widget-text-editor\" data-id=\"dfb82e5\" data-element_type=\"widget\" data-widget_type=\"text-editor.default\">\n\t\t\t\t<div class=\"elementor-widget-container\">\n\t\t\t\t\t\t\t<p>Como funciona?<\/p>\t\t\t\t\t\t<\/div>\n\t\t\t\t<\/div>\n\t\t\t\t<div class=\"elementor-element elementor-element-e0a826c elementor-widget elementor-widget-text-editor\" data-id=\"e0a826c\" data-element_type=\"widget\" data-widget_type=\"text-editor.default\">\n\t\t\t\t<div class=\"elementor-widget-container\">\n\t\t\t\t\t\t\t<p>O e-Social estabelece um modelo padr\u00e3o para o envio de informa\u00e7\u00f5es relacionadas aos empregados, como admiss\u00f5es, demiss\u00f5es, folha de pagamento, v\u00ednculos empregat\u00edcios, obriga\u00e7\u00f5es fiscais, entre outros eventos trabalhistas. Essas informa\u00e7\u00f5es s\u00e3o transmitidas de forma eletr\u00f4nica pelos empregadores, seguindo um layout espec\u00edfico e prazos determinados.<\/p><p>O principal objetivo do e-Social \u00e9 simplificar e otimizar a presta\u00e7\u00e3o de informa\u00e7\u00f5es. Al\u00e9m disso, busca aumentar a efici\u00eancia na fiscaliza\u00e7\u00e3o e cumprimento das obriga\u00e7\u00f5es trabalhistas e previdenci\u00e1rias, garantindo maior transpar\u00eancia e controle por parte dos \u00f3rg\u00e3os governamentais.<\/p>\t\t\t\t\t\t<\/div>\n\t\t\t\t<\/div>\n\t\t\t\t\t<\/div>\n\t\t<\/div>\n\t\t\t\t\t\t\t<\/div>\n\t\t<\/section>\n\t\t\t\t\t<\/div>\n\t\t<\/div>\n\t\t\t\t\t\t\t<\/div>\n\t\t<\/section>\n\t\t\t\t<section class=\"elementor-section elementor-top-section elementor-element elementor-element-a8e8529 elementor-section-boxed elementor-section-height-default elementor-section-height-default\" data-id=\"a8e8529\" data-element_type=\"section\">\n\t\t\t\t\t\t<div class=\"elementor-container elementor-column-gap-default\">\n\t\t\t\t\t<div class=\"elementor-column elementor-col-100 elementor-top-column elementor-element elementor-element-451557d\" data-id=\"451557d\" data-element_type=\"column\">\n\t\t\t<div class=\"elementor-widget-wrap elementor-element-populated\">\n\t\t\t\t\t\t\t\t<section class=\"elementor-section elementor-inner-section elementor-element elementor-element-bafc36a elementor-section-boxed elementor-section-height-default elementor-section-height-default\" data-id=\"bafc36a\" data-element_type=\"section\">\n\t\t\t\t\t\t<div class=\"elementor-container elementor-column-gap-default\">\n\t\t\t\t\t<div class=\"elementor-column elementor-col-33 elementor-inner-column elementor-element elementor-element-b569f89\" data-id=\"b569f89\" data-element_type=\"column\">\n\t\t\t<div class=\"elementor-widget-wrap\">\n\t\t\t\t\t\t\t\t\t<\/div>\n\t\t<\/div>\n\t\t\t\t<div class=\"elementor-column elementor-col-33 elementor-inner-column elementor-element elementor-element-6895ab7\" data-id=\"6895ab7\" data-element_type=\"column\">\n\t\t\t<div class=\"elementor-widget-wrap elementor-element-populated\">\n\t\t\t\t\t\t\t\t<div class=\"elementor-element elementor-element-1842362 elementor-widget elementor-widget-text-editor\" data-id=\"1842362\" data-element_type=\"widget\" data-widget_type=\"text-editor.default\">\n\t\t\t\t<div class=\"elementor-widget-container\">\n\t\t\t\t\t\t\t<p>Como podemos auxiliar<\/p>\t\t\t\t\t\t<\/div>\n\t\t\t\t<\/div>\n\t\t\t\t<div class=\"elementor-element elementor-element-59fece5 elementor-widget elementor-widget-text-editor\" data-id=\"59fece5\" data-element_type=\"widget\" data-widget_type=\"text-editor.default\">\n\t\t\t\t<div class=\"elementor-widget-container\">\n\t\t\t\t\t\t\t<p>Podemos auxiliar a sua empresa no que se refere \u00e0 implanta\u00e7\u00e3o e opera\u00e7\u00e3o do e-Social. Entre os servi\u00e7os que podemos oferecer est\u00e3o:<\/p><p><b>Diagn\u00f3stico e an\u00e1lise da situa\u00e7\u00e3o atual da empresa em rela\u00e7\u00e3o ao e-Social, verificando a conformidade com os requisitos legais, identificando os pontos cr\u00edticos e propondo solu\u00e7\u00f5es para o cumprimento das obriga\u00e7\u00f5es.<\/b><\/p><p>Para mais informa\u00e7\u00f5es,<strong> <a href=\"https:\/\/www.gov.br\/esocial\/pt-br\/centrais-de-conteudo\">acesse o site do governo clicando aqui.<\/a><\/strong><\/p>\t\t\t\t\t\t<\/div>\n\t\t\t\t<\/div>\n\t\t\t\t\t<\/div>\n\t\t<\/div>\n\t\t\t\t<div class=\"elementor-column elementor-col-33 elementor-inner-column elementor-element elementor-element-40ca318\" data-id=\"40ca318\" data-element_type=\"column\">\n\t\t\t<div class=\"elementor-widget-wrap\">\n\t\t\t\t\t\t\t\t\t<\/div>\n\t\t<\/div>\n\t\t\t\t\t\t\t<\/div>\n\t\t<\/section>\n\t\t\t\t\t<\/div>\n\t\t<\/div>\n\t\t\t\t\t\t\t<\/div>\n\t\t<\/section>\n\t\t\t\t\t\t\t<\/div>\n\t\t","protected":false},"excerpt":{"rendered":"<p>Implementamos um software de alta qualidade e precis\u00e3o, com integra\u00e7\u00e3o ao e-Social, obrigat\u00f3rio para regulariza\u00e7\u00e3o. O que \u00e9 o e-Social? O e-Social \u00e9 um sistema do governo federal brasileiro que foi criado com o objetivo de unificar e simplificar o envio de informa\u00e7\u00f5es trabalhistas, fiscais e previdenci\u00e1rias das empresas. Por meio do e-Social, as empresas [&hellip;]<\/p>\n","protected":false},"author":1,"featured_media":0,"parent":0,"menu_order":0,"comment_status":"closed","ping_status":"closed","template":"elementor_header_footer","meta":{"footnotes":""},"class_list":["post-100","page","type-page","status-publish","hentry"],"_links":{"self":[{"href":"https:\/\/jbvconsultoriasst.com.br\/index.php\/wp-json\/wp\/v2\/pages\/100","targetHints":{"allow":["GET"]}}],"collection":[{"href":"https:\/\/jbvconsultoriasst.com.br\/index.php\/wp-json\/wp\/v2\/pages"}],"about":[{"href":"https:\/\/jbvconsultoriasst.com.br\/index.php\/wp-json\/wp\/v2\/types\/page"}],"author":[{"embeddable":true,"href":"https:\/\/jbvconsultoriasst.com.br\/index.php\/wp-json\/wp\/v2\/users\/1"}],"replies":[{"embeddable":true,"href":"https:\/\/jbvconsultoriasst.com.br\/index.php\/wp-json\/wp\/v2\/comments?post=100"}],"version-history":[{"count":16,"href":"https:\/\/jbvconsultoriasst.com.br\/index.php\/wp-json\/wp\/v2\/pages\/100\/revisions"}],"predecessor-version":[{"id":352,"href":"https:\/\/jbvconsultoriasst.com.br\/index.php\/wp-json\/wp\/v2\/pages\/100\/revisions\/352"}],"wp:attachment":[{"href":"https:\/\/jbvconsultoriasst.com.br\/index.php\/wp-json\/wp\/v2\/media?parent=100"}],"curies":[{"name":"wp","href":"https:\/\/api.w.org\/{rel}","templated":true}]}}